5*o**2. Calculate h(a).
-10
Let p = -9 - -16. Let o(c) = -c + 14*c - p*c. Give o(1).
6
Suppose -4*d - c + 18 = 0, -4*d = -d + 2*c - 11. Let z(i) be the second derivative of 1/12*i**4 + 0 - 2/3*i**3 - i + i**2. What is z(d)?
7
Let h(f) be the second derivative of -f**3/6 - 2*f**2 + 4*f. What is h(4)?
-8
Let i(j) = -2*j**3 + 3*j**2 - 2. Let u be (-2)/(-12) + 55/30. What is i(u)?
-6
Let t(g) = g**3 - 2*g**2 + g + 1. Suppose 5*f + 46 = -3*b, f - 69 = 4*b - 0*f. Let x = b + 19. What is t(x)?
3
Let d(f) = -f + 1. Let h(t) = 4*t - 9. Let x(j) = -5*d(j) - h(j). Determine x(3).
7
Suppose 0 = -5*s + 20, 0*n = -2*n - s + 14. Let z = -3 + 10. Let a(u) = 6*u**2 - z + 2*u - u - u**3 - 4*u. Give a(n).
3
Let x(k) be the second derivative of 2*k + 2/3*k**3 + 0 - 1/6*k**4 + 1/2*k**2. Suppose 5*o - 12 = o. Give x(o).
-5
Let m(a) be the first derivative of -15*a**2/2 + a + 1. Give m(1).
-14
Let k(i) = -i + 4. Let g be -2 - 4/(8/(-58)). Let j be 10/45 + 129/g. Determine k(j).
-1
Let h(n) be the first derivative of -n**3/3 - n**2/2 - 6. Let p(t) = -t**2 + t - 4. Let i(z) = -2*h(z) + p(z). What is i(-3)?
-4
Let k be (28/6)/(4/6). Suppose -5*q + 3 = -k. Let x(v) = -2*v**3 + 3*v**2 - 2*v + 3. Determine x(q).
-5
Suppose 2*v + 4 = 2. Let s(c) = -6*c**2 - 1. What is s(v)?
-7
Let w(s) = 4*s - 1. Suppose 7*p = 4*p + 3. Let t(j) = -j + 1. Let r be t(-3). Suppose r = 3*v + p. Calculate w(v).
3
Let q(t) = -3*t - 2. Let u be (-8 - (-20)/5) + 8. Give q(u).
-14
Let g = -29 + 20. Let o be (-2)/4 + g/(-2). Suppose b - 5*c = -10, b - 3*c + o = -2. Let k(n) = n**3 + n**2 - n + 3. Give k(b).
3
Let y = -5 + 5. Suppose -l + 1 = -y. Let v(w) = 5*w - 1. Give v(l).
4
Let j(z) = z**3 - 5*z**2 - 9*z + 8. Let a(o) = 2*o - 3. Let u be a(3). Suppose g + u*s + 3 = 0, 4*s + 36 = 4*g - 0*s. Calculate j(g).
-10
Let p(a) = -2*a + 1. Let g(l) = -l + 1. Let j(t) = -5*g(t) + 2*p(t). Let f(v) = v. Let n be f(8). Suppose y = -2*d - 9, -2*d + n = 2*y + 20. Give j(d).
-6
Let n(m) = m**3 + 22*m**2 - 22*m + 24. Let r be n(-23). Let u(c) = -5*c**2 + c. Give u(r).
-4
Let v(u) = -u + 8. Let o = 10 + -4. Suppose -o*p + 20 = -2*p. Give v(p).
3
Let y(g) = 4*g**2 - 3*g. Let o(f) = 4*f**2 - 3*f - 1. Let n(a) = -2*o(a) + 3*y(a). Suppose 4*q - s = 5, -3*q + 13 = 5*s - 8. What is n(q)?
12
Let h(s) be the third derivative of 2*s**2 + 0*s + 1/12*s**4 + 0 - 1/6*s**3 + 1/60*s**5. Suppose -8 - 1 = 3*u. Calculate h(u).
2
Suppose -5 = n - 1. Let l = n - -7. Suppose l*g - 5*g = 0. Let j(p) = p + 2. What is j(g)?
2
Let b be ((-3)/(-8))/((-2)/(-16)). Let q(w) = -w - 1. Determine q(b).
-4
Let m(p) be the third derivative of 0 + 5/24*p**4 + 0*p**3 - 3*p**2 + 1/60*p**5 + 0*p. Give m(-4).
-4
Let r = -5 + 8. Let x(c) = -1 + 0*c**3 + 3 + 2*c**2 - c**3 + r*c. Determine x(3).
2
Let q(i) = -2*i**3 + i + 5*i**3 - 4*i**3 - i**2 + 1. Let x be q(0). Let r(o) be the second derivative of -o**5/20 - o**3/3 + o**2/2 + 7*o. Determine r(x).
-2
Let k(n) be the first derivative of -5*n**4/24 - n**3/6 + n**2 - 1. Let a(w) be the second derivative of k(w). Calculate a(1).
-6
Let g be (-3)/(2 + 14/(-4)). Let d(f) = -f**3 + 0*f + 4*f**2 + 0*f**2 - f - 2*f**2. Determine d(g).
-2
Suppose 0 = 4*o + 17 + 3. Let a(z) = 1 - 2 - z + 0. Let q(l) = -l + 3. Let p(g) = 2*a(g) - q(g). Determine p(o).
0
Let p = -14 - -17. Let b(v) be the second derivative of 1/6*v**3 + 0 + 2*v - p*v**2. Determine b(0).
-6
Let a(r) = 4 + 2 - 4 + 2 + r. What is a(0)?
4
Let z(t) be the second derivative of 1/6*t**3 + 2*t - t**2 + 1/3*t**4 + 0 - 1/20*t**5. Suppose 0*o = -5*o - b + 25, -2*o + 33 = 5*b. Determine z(o).
2
Let b(p) = -p + 4. Let s(c) = -c**3 + c**2 - c + 2. Let v be s(0). Let h be b(v). Let z(j) = -4*j + 1. Give z(h).
-7
Suppose 5*y = 41 - 1. Let i = 2 - y. Let k(m) = -m**2 - 7*m - 8. Determine k(i).
-2
Let l(y) = y**2 - y - 2*y + 2*y. Let p = -3 - -7. Let o = p + -3. Determine l(o).
0
Let b be ((-6)/(-9) - -1)*3. Let s(v) = -2*v - 3*v + 7 + 4*v. Determine s(b).
2
Suppose 5*o - 17 - 33 = 0. Let j(t) = 4*t**2 + 15*t - 1 - o*t - 5*t. Give j(1).
3
Let r(s) = -2*s**2 - 4*s + 3. Let w(p) = p**3 + 5*p**2 - 5*p + 1. Let m be w(-6). Give r(m).
-27
Suppose 6*x + 2*i + 5 = x, -5*x + i - 20 = 0. Let v(a) = -a**3 - 2*a**2 + a - 4. Calculate v(x).
2
Let o be ((-1)/(-2))/(1/12). Let k(t) = -t**2 - 8*t. Let w(d) = 2*d**2 + 9*d + 1. Let q(g) = 3*k(g) + 2*w(g). Give q(o).
2
Let k = 58 + -55. Let p(m) = 0 + 3 - 2*m - m**2 + 2*m**2. Give p(k).
6
Let r(b) = -8*b - 4. Let c(n) = 6*n. Let q(t) = -7*t + 1. Let m(y) = 3*c(y) + 2*q(y). Let o(u) = 9*m(u) + 4*r(u). Suppose 0 = 3*s + 4 + 2. Calculate o(s).
-6
Let o(a) = 321*a + 319*a - 638*a + 6. What is o(-6)?
-6
Suppose -3 - 3 = -2*d. Let r(x) = -2 - 4*x**2 + 1 - 3 + 0*x**3 + x**d - 6*x. Give r(5).
-9
Suppose -6 = -0*d + 3*d. Let s be (d/6)/(3/(-18)). Let u(m) = -2*m + s + 3*m**2 + m**2 - 1. What is u(1)?
3
Let t(m) = -7*m + 6. Let o(n) = 3*n - 3. Let w(r) = -5*o(r) - 2*t(r). Let b(c) = c**2 + 3*c + 2. Let u be b(-2). Give w(u).
3
Let b(n) = -n**2 + 8*n - 7. Let r be (-2)/13 - (-2)/13. Suppose r = 3*w + 1 - 16. Give b(w).
8
Let h(c) = c + 3. Let m be h(-9). Let j = -5 - m. Let l(z) = 4*z**2 - z. Calculate l(j).
3
Let f = 19 - 17. Let a(d) be the second derivative of -7*d**3/6 + d**2 - d. Calculate a(f).
-12
Let b(y) be the first derivative of -y**4/4 + 4*y**3/3 - 5*y**2/2 + 4*y + 13. Calculate b(4).
-16
Let y(n) = n - 2. Suppose -3*j = j + 8. Let g be y(j). Let b(a) be the third derivative of a**5/60 + a**4/6 + a**3/3 - a**2. Calculate b(g).
2
Let x = 11 + -8. Let z(r) = r**3 - 4*r**2 + 4*r - 2. Give z(x).
1
Suppose 4*l = -4 - 12. Let d(x) = -x. Let n(c) = 6*c + 3. Let h(r) = -5*d(r) - n(r). Give h(l).
1
Let m(u) = -u**3 + 3*u**2 + u - 1. Let a(i) = i**3 + 4*i**2 + i - 3. Let y be a(-2). Calculate m(y).
2
Suppose w - 4*w = 0. Let q(p) = w*p**2 - 7*p + 6*p - 8*p**2. Give q(-1).
-7
Let j be (3/(-6))/(2/(-8)). Let w(r) be the first derivative of -j + 1/2*r**2 - r. What is w(-5)?
-6
Let i(w) = -w**2 - w. Let f(q) = q**3 - 2*q**2 + 6*q - 1. Suppose 6 = -3*m + 3. Let c(r) = m*f(r) - 2*i(r). Determine c(3).
-2
Let f(g) = 2*g**3 + 12*g**2 + 8*g - 19. Let k(q) = -q**3 - 6*q**2 - 4*q + 10. Let p(t) = -4*f(t) - 7*k(t). Let m = 7 + -12. Determine p(m).
1
Let d(m) be the third derivative of -1/6*m**3 - 1/8*m**4 + 1/20*m**5 + 0*m + 5*m**2 + 0. What is d(-2)?
17
Let a(t) be the first derivative of 3*t**2 - t + 1 - 1/3*t**3. What is a(5)?
4
Suppose -53 = -3*u - 47. Let d(r) be the first derivative of -2*r**u - 5/3*r**3 - 1/4*r**4 - 1 - r. What is d(-4)?
-1
Let v(j) = -3*j**2 + 4*j - 6. Let u(d) = 8*d**2 - 12*d + 17. Let y(s) = -4*u(s) - 11*v(s). Let h(r) = r**2 + 2. Let p be h(2). Let i = -10 + p. Determine y(i).
-2
Let a(t) = -t**3 - 3*t**2 + 2*t. Let v(p) = -p**3 + 7*p**2 + 9*p - 11. Let y be v(8). What is a(y)?
-6
Suppose 0 = -3*q + 40 - 64. Let x(a) = -a**2 - 9*a - 9. Give x(q).
-1
Let s(n) = 3*n**3 + 2*n**2 - 7*n - 12. Let p(m) = -8*m**3 - 4*m**2 + 20*m + 35. Let j(t) = -4*p(t) - 11*s(t). Let g be 6/(-21) - 80/14. Calculate j(g).
10
Let v(x) = -x**3 + 8*x**2 - 6*x - 13. Let n be v(7). Let b(z) be the first derivative of -z**3/3 - 9*z**2/2 - 9*z - 4. Calculate b(n).
9
Let m(y) = 6*y**2 - 7*y**2 - y**3 - 3*y + 5*y**2 + 2. Let c = -60 - -62. Calculate m(c).
4
Let x = 3 + -1. Let y(f) = -3*f**2 - 2 + 3*f + f**x + f**3 + 3*f - 5*f. Calculate y(2).
0
Let r(l) = l**2 - 2*l. Let y = -7 - -9. Let x be r(y). Let s(f) = -f**2 + 11. Give s(x).
11
Let y(p) = -p**3 + 5*p**2 - 4*p + 3. Let w be y(2). Let j(g) = 7 - 5 + 2 - w*g + 2 + 2*g**2. Give j(4).
10
Suppose -2*d - 5*f = -0*f - 35, -3*d + 5*f = 10. Let l be d - (1 - -3 - 5). Let r(q) = -q**2 + 6*q + 2. Determine r(l).
2
Let y be (-12)/(-2) - (3 + 6). Let v(n) = -4*n + 1. Let u(w) = -9*w + 2. Let f(k) = -2*u(k) + 5*v(k). What is f(y)?
7
Let u(x) = 2 + 3*x**3 + 4*x - 4*x**3 - 3*x. Suppose 0*g + 8*g - 16 = 0. Determine u(g).
-4
Let c(v) be the first derivative of v**5/60 - v**4/12 + v**3/3 - 1. Let j(a) be the third derivative of c(a). Calculate j(2).
2
Let t(m) be the second derivative of m**4/12 - 7*m**3/6 - 3*m**2 + 4*m. Calculate t(7).
-6
Suppose 2*y + 4 = 10. Let d be 0 - y - (-3 + 0). Let g(o) = o + 3. Determine g(d).
3
Let i(n) = n**2 - 7*n + 6. Let b be i(6). Let x(c) be the second derivative of 1/6*c**3 + c +